NOAA-Style Climate Reports

Select a Year or Month report
2020: Jan Feb Mar Apr May Jun Jul Aug Sep Oct Nov Dec
2019: Jan Feb Mar Apr May Jun Jul Aug Sep Oct Nov Dec
2018: Jan Feb Mar Apr May Jun Jul Aug Sep Oct Nov Dec
2017: Jan Feb Mar Apr May Jun Jul Aug Sep Oct Nov Dec
2016: Jan Feb Mar Apr May Jun Jul Aug Sep Oct Nov Dec

Report for 2020 July
                   MONTHLY CLIMATOLOGICAL SUMMARY for JAN. 2020

NAME: Bazata   CITY:    STATE:  
ELEV:     0 m  LAT:  42° 51' 08" N  LONG:  25° 23' 02" E

                   TEMPERATURE (°C), RAIN  (mm), WIND SPEED (m/s)

                                      HEAT  COOL        AVG
    MEAN                              DEG   DEG         WIND                 DOM
DAY TEMP  HIGH   TIME   LOW    TIME   DAYS  DAYS  RAIN  SPEED HIGH   TIME    DIR
------------------------------------------------------------------------------------
 1   0.8   4.2    0:40  -2.0    8:30  17.6   0.0   0.0   2.1   9.8    7:20     S
 2  -2.8   2.3   15:20  -6.8    7:30  21.2   0.0   0.0   0.7   8.5   11:20     N
 3  -1.4   6.4   15:00  -5.9    3:40  19.7   0.0   0.0   0.1   2.7   15:10   NNW
 4   3.8  10.9   14:40  -2.8    4:20  14.6   0.0   0.0   1.4  10.7   23:10   ESE
 5   1.5   5.2    0:20  -0.8   19:40  16.8   0.0   0.0   2.2  10.7    3:30     S
 6  -2.6  -0.8    0:10  -3.6   10:40  20.9   0.0   0.0   1.0   7.2   17:30    SW
 7  -4.9  -1.0   15:00  -9.3   00:00  23.2   0.0   0.0   0.4   5.4    3:40    SW
 8  -5.8   1.1   16:10 -10.7    7:00  24.1   0.0   0.0   0.3   4.5   14:20     N
 9  -1.9   6.5   12:50  -8.0    4:20  20.2   0.0   0.0   0.1   3.1   13:10   NNE
10   3.2  12.1   14:10  -2.4    1:30  15.1   0.0   0.0   0.1   4.5    5:40     N
11   4.9  10.7   11:10   1.0    7:50  13.4   0.0   0.0   0.3   7.2   17:50   SSE
12
13
14
15
16
17
18
19
20
21
22
23
24
25
26
27
28
29
30
31
-------------------------------------------------------------------------------------
    -0.5  12.1    10   -10.7     8   206.8   0.0   0.0   0.8  10.7     4       S

Max >=  32.0:  0
Max <=   0.0:  2
Min <=   0.0: 10
Min <= -18.0:  0
Max Rain: 0.00 ON 01/01/20
Days of Rain: 0 (> .2 mm) 0 (> 2 mm) 0 (> 20 mm)
Heat Base:  18.3  Cool Base:  18.3  Method: Integration