NOAA-Style Climate Reports

Select a Year or Month report
2018: Jan Feb Mar Apr May Jun Jul Aug Sep Oct Nov Dec
2017: Jan Feb Mar Apr May Jun Jul Aug Sep Oct Nov Dec
2016: Jan Feb Mar Apr May Jun Jul Aug Sep Oct Nov Dec

Report for 2018 February
                   MONTHLY CLIMATOLOGICAL SUMMARY for FEB. 2018

NAME: Bazata   CITY:    STATE:  
ELEV:     0 m  LAT:  42° 51' 08" N  LONG:  25° 23' 02" E

                   TEMPERATURE (°C), RAIN  (mm), WIND SPEED (m/s)

                                      HEAT  COOL        AVG
    MEAN                              DEG   DEG         WIND                 DOM
DAY TEMP  HIGH   TIME   LOW    TIME   DAYS  DAYS  RAIN  SPEED HIGH   TIME    DIR
------------------------------------------------------------------------------------
 1   6.9  12.4   14:40   1.9    8:10  11.4   0.0   0.0   0.4   4.9   15:10     W
 2  10.2  13.0   15:00   5.2    0:10   8.1   0.0   0.0   1.9  11.2   23:40    SE
 3  12.3  14.4   15:50  11.1    3:10   6.1   0.0   0.0   3.8  16.5   17:40    SE
 4   5.2  12.4    0:30   1.1   00:00  13.2   0.0  16.0   0.9   7.2    1:10     S
 5   1.4   6.9   15:00  -1.3   23:50  16.9   0.0   0.0   0.7   5.8   14:50   WSW
 6   3.4   8.4   15:30  -1.6    3:20  14.9   0.0   0.0   1.1   7.2   12:50     N
 7   5.0   8.4   13:40   1.1    8:00  13.3   0.0   0.0   2.6  12.5   12:30    SE
 8   6.1  11.9   14:40   0.9    5:00  12.2   0.0   4.8   1.1   7.6   13:20    NE
 9   3.9   8.7   15:00  -0.7   00:00  14.4   0.0   0.0   1.1   8.0   14:30    SE
10   2.1   6.8   12:00  -1.5    3:20  16.2   0.0   5.4   0.3   4.9   13:50   WNW
11  -1.3   0.3    0:10  -2.4   19:00  19.7   0.0   0.4   0.0   0.0     ---   ---
12  -0.4   2.6   14:30  -3.3    2:20  18.8   0.0   9.4   0.1   2.7   15:20    NW
13   1.4   5.4   23:40  -3.4    7:40  16.9   0.0   3.4   1.6  13.0   21:30    SE
14   1.6   6.4    2:30  -0.9   00:00  16.7   0.0  10.8   2.2  14.8    1:10    SW
15  -1.6   1.6   14:30  -6.1    7:40  19.9   0.0   1.0   0.3   5.4   11:00   SSW
16   1.2   6.9   14:50  -1.6   00:00  17.1   0.0   0.0   0.3   4.5   12:00   NNW
17   2.3   9.1   15:40  -2.7    6:40  16.0   0.0   0.0   0.4   4.5   14:20   NNE
18   5.1   9.4   14:30   2.1    6:50  13.2   0.0   0.0   0.6   5.8    1:30   SSE
19   0.8   2.5    0:10  -0.2   23:40  17.6   0.0   2.4   0.2   2.7    3:50   WNW
20   1.4   2.8   14:20   0.1    0:10  16.9   0.0   1.6   1.1   7.6   18:40    NE
21   2.3   3.8   13:40   1.3    0:50  16.1   0.0   0.6   1.3   6.3   11:00    NE
22   1.1   2.4    0:10  -0.2   23:20  17.2   0.0   3.6   0.4   4.5   12:40    NE
23  -0.3  -0.2    0:10  -0.3    3:10   3.1   0.0   0.0   0.1   1.8    0:40     W
24
25
26
27
28
-------------------------------------------------------------------------------------
     3.0  14.4     3    -6.1    15   336.1   0.0  59.4   1.0  16.5     3      SE

Max >=  32.0:  0
Max <=   0.0:  1
Min <=   0.0: 14
Min <= -18.0:  0
Max Rain: 16.00 ON 02/04/18
Days of Rain: 12 (> .2 mm) 8 (> 2 mm) 0 (> 20 mm)
Heat Base:  18.3  Cool Base:  18.3  Method: Integration