NOAA-Style Climate Reports

Select a Year or Month report
2018: Jan Feb Mar Apr May Jun Jul Aug Sep Oct Nov Dec
2017: Jan Feb Mar Apr May Jun Jul Aug Sep Oct Nov Dec
2016: Jan Feb Mar Apr May Jun Jul Aug Sep Oct Nov Dec

Report for 2018 April
                   MONTHLY CLIMATOLOGICAL SUMMARY for APR. 2018

NAME: Bazata   CITY:    STATE:  
ELEV:     0 m  LAT:  42° 51' 08" N  LONG:  25° 23' 02" E

                   TEMPERATURE (°C), RAIN  (mm), WIND SPEED (m/s)

                                      HEAT  COOL        AVG
    MEAN                              DEG   DEG         WIND                 DOM
DAY TEMP  HIGH   TIME   LOW    TIME   DAYS  DAYS  RAIN  SPEED HIGH   TIME    DIR
------------------------------------------------------------------------------------
 1  11.6  17.4   15:30   6.6   21:10   6.8   0.0   0.0   2.3  14.8   17:00   ESE
 2   8.7  12.9   17:20   5.7   00:00   9.6   0.0   0.0   2.8  12.5   12:50   SSW
 3  10.4  18.8   16:20   0.8    6:40   7.9   0.0   0.0   0.6   6.7   17:50    SE
 4  15.8  23.2   15:40   6.7    6:30   3.8   1.3   0.0   0.8   6.7   15:40    SE
 5  16.0  22.9   14:10   9.4    6:10   3.2   0.9   0.0   0.4   5.8   15:10   ESE
 6  11.8  14.8    0:10  10.0    7:10   6.6   0.0   0.0   0.4   4.9   16:10   SSW
 7  11.1  16.2   16:00   8.1    9:10   7.2   0.0   0.0   0.6   6.3   14:40   SSW
 8  11.9  19.3   17:10   4.2    7:10   6.5   0.1   0.0   0.5   6.7   15:40     N
 9  13.6  21.8   16:30   5.2    6:20   5.3   0.6   0.0   0.4   5.8   12:50   WNW
10  17.4  24.4   14:50  10.7    5:20   2.6   1.7   0.0   0.6   7.2   13:50   ENE
11  16.7  21.4   15:30  10.6    7:10   2.4   0.7   0.0   0.7   7.6   16:10     E
12  16.5  24.6   16:40   8.7    5:20   3.4   1.6   0.0   0.3   6.3   14:10   NNW
13  19.0  25.7   15:00  14.3    4:50   1.4   2.1   0.0   0.5   7.2   14:50    NE
14  16.6  23.7   15:40  10.5    6:10   3.1   1.3   0.0   0.4   6.3   12:30    NW
15  16.4  22.2   14:40  10.5    3:20   2.7   0.7   0.0   2.0  11.2   23:00   ESE
16  16.4  20.0   13:20  11.6   23:40   2.2   0.2   0.0   0.8   8.5    0:50   ESE
17  12.7  17.7   16:00  10.1    5:20   5.7   0.0   0.0   0.2   6.3   16:00   WNW
18  12.9  19.4   17:30   7.2    3:40   5.5   0.1   0.0   0.3   7.2   14:40   WSW
19  13.9  20.8   16:50   9.4    0:40   3.6   0.3   0.0   0.4   7.2   17:30   WSW
20
21
22
23
24
25
26
27
28
29
30
-------------------------------------------------------------------------------------
    14.2  25.7    13     0.8     3    89.4  11.6   0.0   0.8  14.8     1      SE

Max >=  32.0:  0
Max <=   0.0:  0
Min <=   0.0:  0
Min <= -18.0:  0
Max Rain: 0.00 ON 04/01/18
Days of Rain: 0 (> .2 mm) 0 (> 2 mm) 0 (> 20 mm)
Heat Base:  18.3  Cool Base:  18.3  Method: Integration