NOAA-Style Climate Reports

Select a Year or Month report
2018: Jan Feb Mar Apr May Jun Jul Aug Sep Oct Nov Dec
2017: Jan Feb Mar Apr May Jun Jul Aug Sep Oct Nov Dec
2016: Jan Feb Mar Apr May Jun Jul Aug Sep Oct Nov Dec

Report for 2017 June
                   MONTHLY CLIMATOLOGICAL SUMMARY for JUN. 2017

NAME: Bazata   CITY:    STATE:  
ELEV:     0 m  LAT:  42° 51' 08" N  LONG:  25° 23' 02" E

                   TEMPERATURE (°C), RAIN  (mm), WIND SPEED (m/s)

                                      HEAT  COOL        AVG
    MEAN                              DEG   DEG         WIND                 DOM
DAY TEMP  HIGH   TIME   LOW    TIME   DAYS  DAYS  RAIN  SPEED HIGH   TIME    DIR
------------------------------------------------------------------------------------
 1  20.5  27.2   17:10  13.3    5:50   1.3   3.5   0.4   0.7   6.3   13:00     S
 2  19.2  25.3   14:30  14.4    6:10   1.1   1.9   0.2   0.3   5.8   11:00   SSE
 3  16.7  20.5   15:10  14.6    3:30   1.9   0.2   5.8   0.3   4.9    7:40    NE
 4  18.2  23.8   16:30  13.7    5:50   1.9   1.7   0.2   0.8   6.3   13:00   ESE
 5  17.7  24.2   13:00  12.1    6:20   2.1   1.5  13.0   0.2   6.7   14:50   NNE
 6  19.2  25.9   17:20  12.6    5:50   1.7   2.6   0.2   0.3   4.0   13:30     N
 7  19.5  27.6   15:20  14.3    5:50   1.1   2.2  19.8   0.4  13.4   15:50   NNE
 8  15.4  17.7   11:50  13.1   23:30   2.9   0.0  26.2   0.6   8.0    7:30   NNE
 9  12.8  14.6   15:30  12.0    7:30   5.5   0.0   9.0   0.7   6.7    3:50    SW
10  16.2  22.6   17:40   9.7    6:30   3.2   1.1   0.4   0.4   5.4   12:20   WSW
11  15.3  20.5   14:10  10.8    5:50   3.2   0.2   3.0   0.4   5.4    9:30     S
12  17.2  23.8   17:00  11.1    5:00   2.7   1.6   0.0   0.3   4.9   14:00   WSW
13  19.7  26.3   15:50  11.8    5:50   1.9   3.3   0.2   0.8   6.7   18:20     S
14  20.8  25.1   16:00  14.8    5:40   0.3   2.8   0.0   1.6   8.5   14:40     S
15  18.5  23.0   17:00  13.9   00:00   1.1   1.2   0.0   1.2   7.2   14:20     S
16  19.2  25.9   16:30  11.9    5:20   1.8   2.7   0.0   0.3   4.0   21:10     W
17  16.1  20.7   14:40  10.8   00:00   2.3   0.1   8.2   0.4  10.3   15:00    SE
18  12.3  14.4   13:20  10.6    5:40   6.0   0.0   5.0   1.5   8.0   10:20     S
19  14.3  20.3   18:40  12.1    2:10   4.1   0.1   7.8   1.1   8.0   19:30     S
20  17.6  24.2   17:30  11.4    3:20   2.6   1.8   0.0   0.5   5.4   10:50     S
21  20.0  26.9   17:30  12.3    5:50   1.8   3.4   0.2   0.6   6.7   15:10    SW
22  21.2  27.7   17:10  14.5    4:50   0.9   3.8   0.0   0.4   4.5   11:20     S
23  22.7  30.1   16:20  15.3    4:30   0.8   5.2   0.0   0.3   4.0   13:40     S
24  23.0  27.8   17:40  18.2    5:20   0.0   4.7   0.0   0.9   8.5   10:10     S
25  22.8  29.3   17:10  15.8    5:50   0.4   4.9   0.0   0.3   4.9   16:10    SW
26  24.3  29.9   14:50  19.4    6:00   0.0   5.9   0.0   0.6   5.8   14:50     S
27  22.3  27.5   17:40  17.0    5:50   0.1   4.1   0.0   0.6   5.8   13:20    SW
28  22.8  29.9   16:40  15.8    5:20   0.6   5.1   0.0   0.4   6.3   18:00    SE
29  27.6  33.6   14:10  19.9    5:20   0.0   9.2   0.0   0.9  10.3   17:20   WNW
30  26.3  32.8   15:50  18.4    6:50   0.0   7.9   0.0   0.2   5.4    1:40   NNW
-------------------------------------------------------------------------------------
    19.3  33.6    29     9.7    10    53.1  82.7  99.6   0.6  13.4     7       S

Max >=  32.0:  2
Max <=   0.0:  0
Min <=   0.0:  0
Min <= -18.0:  0
Max Rain: 26.19 ON 06/08/17
Days of Rain: 16 (> .2 mm) 9 (> 2 mm) 1 (> 20 mm)
Heat Base:  18.3  Cool Base:  18.3  Method: Integration