NOAA-Style Climate Reports

Select a Year or Month report
2018: Jan Feb Mar Apr May Jun Jul Aug Sep Oct Nov Dec
2017: Jan Feb Mar Apr May Jun Jul Aug Sep Oct Nov Dec
2016: Jan Feb Mar Apr May Jun Jul Aug Sep Oct Nov Dec

Report for 2017 August
                   MONTHLY CLIMATOLOGICAL SUMMARY for JUL. 2017

NAME: Bazata   CITY:    STATE:  
ELEV:     0 m  LAT:  42° 51' 08" N  LONG:  25° 23' 02" E

                   TEMPERATURE (°C), RAIN  (mm), WIND SPEED (m/s)

                                      HEAT  COOL        AVG
    MEAN                              DEG   DEG         WIND                 DOM
DAY TEMP  HIGH   TIME   LOW    TIME   DAYS  DAYS  RAIN  SPEED HIGH   TIME    DIR
------------------------------------------------------------------------------------
 1  29.5  36.2   16:50  21.4    0:10   0.0  11.2   0.0   0.9   7.6   12:50    NW
 2  24.1  29.0   16:40  18.6    6:30   0.0   5.7   0.4   0.7   8.0   22:00     S
 3  16.3  20.3    1:00  13.1   22:40   2.3   0.3  27.0   1.1   8.0   15:30   SSW
 4  15.8  21.8   18:00  13.0    6:50   3.0   0.6   6.4   0.3   6.3    1:30   WSW
 5  17.7  24.6   15:50  11.0    6:40   2.5   1.8   0.2   0.3   4.9   11:10   WSW
 6  19.6  26.9   19:00  12.0    5:00   1.9   3.2   0.0   0.3   4.0   16:30   WSW
 7  19.6  25.7   18:20  14.1    6:20   1.2   2.6   0.0   0.4   4.9   16:10   NNW
 8  21.3  27.4   16:00  15.4    2:00   0.7   3.6   0.0   0.8   6.7   11:20   SSW
 9  22.5  29.1   17:50  16.6    4:30   0.4   4.6   0.0   0.9   7.6   13:50   SSW
10  24.0  30.9   16:30  17.4    2:20   0.1   5.7   0.0   0.5   5.8   13:00   WNW
11  26.6  32.8   17:20  20.7    4:20   0.0   8.2   0.0   0.4   6.3    0:40   ESE
12  25.3  30.0   15:10  19.2    6:20   0.0   7.0   0.0   0.8   7.6   16:20     N
13  23.2  28.4   14:10  17.2    4:50   0.1   4.9   0.0   1.0   8.0   18:00   SSW
14  21.1  25.7   17:30  16.9    7:10   0.2   2.8   0.0   1.0   9.8   12:40   SSW
15  19.3  24.9   13:10  15.4   23:40   0.8   1.7  14.8   0.4   4.5   11:00    NE
16  14.3  15.6    0:10  13.2   23:00   4.1   0.0  18.2   0.2   4.0    7:30    SW
17  14.3  16.4   14:20  12.7    7:10   4.0   0.0   7.4   0.4   4.9   13:20     W
18  17.2  22.1   13:30  13.6   00:00   2.0   0.8   0.0   0.3   5.8   11:20    SE
19  18.7  25.8   17:40  11.8    5:40   2.3   2.6   0.2   0.3   5.4   13:40   WSW
20  20.0  27.3   16:40  12.5    6:10   1.8   3.5   0.0   0.2   4.5   11:00     N
21  20.9  27.9   18:50  13.4    5:50   1.4   3.9   0.0   0.3   5.8   12:00     N
22  22.7  30.9   18:00  14.8    5:30   0.9   5.2   0.0   0.1   2.7   13:10   SSW
23  24.1  31.8   16:00  17.1    5:40   0.1   5.9   0.0   0.2   3.1   14:40   SSW
24  24.9  31.7   14:50  17.6    6:00   0.1   6.6   0.0   0.4   8.5   23:50   SSW
25  22.9  29.5   14:10  15.4   00:00   0.4   5.1  11.2   1.4  11.6   14:20    SE
26  18.3  25.7   14:10  13.1    6:00   1.8   1.7   1.4   0.4  12.5   18:10    SE
27  16.6  18.3   16:40  15.0    6:00   1.8   0.0  15.6   0.1   2.2    0:10     E
28  18.3  23.3   16:50  15.0    7:20   1.4   1.3   0.0   2.3  10.7   10:10   SSW
29  21.1  26.8   18:10  14.8    6:20   0.6   3.3   0.0   1.4   9.8   14:30    SW
30  20.8  27.8   17:30  13.6    6:20   1.2   3.6   0.0   0.3   4.5   14:00     N
31  20.9  27.8   15:40  13.9    6:10   1.2   3.8   0.0   0.3   5.4   14:50    NW
-------------------------------------------------------------------------------------
    20.7  36.2     1    11.0     5    38.2 111.2 102.8   0.6  12.5    26     SSW

Max >=  32.0:  2
Max <=   0.0:  0
Min <=   0.0:  0
Min <= -18.0:  0
Max Rain: 27.00 ON 07/03/17
Days of Rain: 11 (> .2 mm) 7 (> 2 mm) 1 (> 20 mm)
Heat Base:  18.3  Cool Base:  18.3  Method: Integration