NOAA-Style Climate Reports

Select a Year or Month report
2020: Jan Feb Mar Apr May Jun Jul Aug Sep Oct Nov Dec
2019: Jan Feb Mar Apr May Jun Jul Aug Sep Oct Nov Dec
2018: Jan Feb Mar Apr May Jun Jul Aug Sep Oct Nov Dec
2017: Jan Feb Mar Apr May Jun Jul Aug Sep Oct Nov Dec
2016: Jan Feb Mar Apr May Jun Jul Aug Sep Oct Nov Dec

Report for 2018 May
                   MONTHLY CLIMATOLOGICAL SUMMARY for MAY. 2018

NAME: Bazata   CITY:    STATE:  
ELEV:     0 m  LAT:  42° 51' 08" N  LONG:  25° 23' 02" E

                   TEMPERATURE (°C), RAIN  (mm), WIND SPEED (m/s)

                                      HEAT  COOL        AVG
    MEAN                              DEG   DEG         WIND                 DOM
DAY TEMP  HIGH   TIME   LOW    TIME   DAYS  DAYS  RAIN  SPEED HIGH   TIME    DIR
------------------------------------------------------------------------------------
 1  18.4  26.9   16:20  10.8    6:20   2.7   2.7   0.0   0.2   5.8   13:40    NW
 2  17.6  26.3   16:00   8.4    6:50   3.2   2.4   0.0   0.3   4.9   12:10   WSW
 3  18.9  26.7   15:50  11.2    6:20   2.1   2.7   0.0   0.4   6.7   15:20    SE
 4  20.4  28.3   16:10  14.1    4:00   1.3   3.4   0.0   0.2   5.8   13:00    NE
 5  22.4  26.3   16:00  12.8    2:20   0.4   2.5   0.0   0.2   5.8   13:30   WNW
 6  22.3  25.7   16:30  17.9   20:10   0.0   1.7   0.0   0.3   6.3   13:40   WSW
 7  18.6  19.8   17:40  17.3   19:40   0.1   0.1   0.0   0.0   4.0   16:40   SSW
 8  20.4  22.4   17:30  17.8   10:40   0.0   0.8   0.0   0.6   8.9   14:40   WSW
 9  19.6  21.8   16:10  16.4   10:20   0.1   0.6   0.0   0.3   5.8   11:00   WSW
10  15.3  16.6   12:50  14.6   11:30   0.6   0.0   0.0   0.1   4.5   12:20   WSW
11  15.8  18.0   17:40  13.7   11:40   0.9   0.0   0.0   0.1   4.9   12:00   WSW
12  17.3  20.3   16:20  11.1    8:00   0.8   0.2   0.0   0.2   5.8   16:00    NE
13  18.8  22.3   16:50   8.8    7:30   0.6   0.8   0.0   0.2   4.9   14:00   WSW
14  17.3  21.3   17:40  12.4    8:50   0.8   0.3   0.0   0.1   5.4   18:40    NW
15  20.9  25.1   18:30  13.4    7:30   0.2   2.0   0.0   1.2   8.9   13:00   ESE
16  18.3  22.6   14:40  14.2    8:20   0.9   0.9   0.0   0.7   6.7    1:20    SW
17  15.7  20.3   12:30  11.3    4:00   2.9   0.3   1.2   0.2   4.9   11:50   NNW
18  15.3  24.2   14:10   9.3    5:30   4.1   1.1   1.2   0.2   5.4   17:40   NNE
19  15.2  19.6   16:50  12.7    1:00   3.2   0.1   0.4   0.1   5.4   12:50    NW
20  15.4  21.3   18:00   9.6    5:30   3.5   0.6   0.0   0.3   5.8   14:30     W
21  15.7  21.1   11:50  10.2    6:10   2.9   0.3   0.0   0.2   5.4   10:30    NE
22  17.0  24.3   15:50   9.3    5:50   2.9   1.6   0.0   0.3   5.8   13:10     N
23  18.2  24.6   14:50  11.1    6:20   2.2   2.0   0.0   0.2   6.3   13:40     N
24  16.4  21.9   18:00  11.7    4:10   2.4   0.6   0.0   0.0   5.8   10:50   NNE
25  16.2  23.8   14:40  11.9    3:20   3.2   1.1   0.6   0.3   8.5   16:40    SW
26  16.7  23.9   17:20  10.6    3:20   3.0   1.4   0.0   0.4   6.7   13:40    SW
27  16.4  20.6   16:00  13.4    5:50   2.2   0.3   0.6   0.2   5.4   16:50    SW
28  17.2  22.6   15:10  11.4   00:00   2.4   1.2   0.0   0.4   6.3   14:50    SW
29  16.1  22.7   15:40   9.0    3:30   3.4   1.1   0.0   0.2   6.3   14:50    SW
30  16.6  23.4   16:00  10.4    5:40   3.0   1.2   0.0   0.3   6.3   13:30    SW
31  17.6  25.4   17:30   9.3    5:30   3.1   2.3   0.0   0.3   6.3   11:40    SW
-------------------------------------------------------------------------------------
    17.7  28.3     4     8.4     2    59.0  36.2   4.0   0.3   8.9     8      SW

Max >=  32.0:  0
Max <=   0.0:  0
Min <=   0.0:  0
Min <= -18.0:  0
Max Rain: 1.19 ON 05/17/18
Days of Rain: 5 (> .2 mm) 0 (> 2 mm) 0 (> 20 mm)
Heat Base:  18.3  Cool Base:  18.3  Method: Integration