NOAA-Style Climate Reports

Select a Year or Month report
2020: Jan Feb Mar Apr May Jun Jul Aug Sep Oct Nov Dec
2019: Jan Feb Mar Apr May Jun Jul Aug Sep Oct Nov Dec
2018: Jan Feb Mar Apr May Jun Jul Aug Sep Oct Nov Dec
2017: Jan Feb Mar Apr May Jun Jul Aug Sep Oct Nov Dec
2016: Jan Feb Mar Apr May Jun Jul Aug Sep Oct Nov Dec

Report for 2018 December
                   MONTHLY CLIMATOLOGICAL SUMMARY for DEC. 2018

NAME: Bazata   CITY:    STATE:  
ELEV:     0 m  LAT:  42° 51' 08" N  LONG:  25° 23' 02" E

                   TEMPERATURE (°C), RAIN  (mm), WIND SPEED (m/s)

                                      HEAT  COOL        AVG
    MEAN                              DEG   DEG         WIND                 DOM
DAY TEMP  HIGH   TIME   LOW    TIME   DAYS  DAYS  RAIN  SPEED HIGH   TIME    DIR
------------------------------------------------------------------------------------
 1  -4.9   2.1   14:50 -11.4    3:50  23.3   0.0   4.8   0.0   2.2   15:20   WSW
 2   0.1   6.7   12:50  -4.1    4:50  18.2   0.0   1.0   0.1   4.5   13:30    NE
 3   0.8   8.6   12:20  -3.2    1:50  17.5   0.0   0.2   0.1   4.9   13:10     N
 4   2.0   8.7   12:50  -1.1    7:30  16.3   0.0   0.2   0.1   4.0   14:00    SW
 5   1.6   4.2    9:50  -0.8    1:30  16.8   0.0   4.4   1.3   8.0   10:30     S
 6  -1.1   0.3   14:50  -4.4   00:00  19.4   0.0   0.6   0.5   5.8   13:40     W
 7  -2.0   1.9   14:00  -5.3    6:30  20.3   0.0   0.6   0.0   2.7   19:50     N
 8   3.9  11.8   13:00  -1.5    0:20  14.4   0.0   0.0   0.0   2.7   19:00    NE
 9   3.1   7.5   15:20  -1.3   22:20  15.3   0.0   0.0   0.0   3.1   17:10    NE
10   1.2   5.1   12:00  -2.4    6:00  17.1   0.0   1.2   1.1   7.6   13:00     S
11   1.4   3.3   15:00  -0.4   00:00  16.9   0.0   0.2   2.1   8.0    0:50     S
12  -0.7   0.9   11:40  -2.7   22:10  19.1   0.0   0.8   1.2   7.6    1:40     S
13  -0.8   5.4   14:10  -5.2    7:20  19.1   0.0   0.0   0.1   4.0   11:50     S
14   1.6   5.3   13:30  -2.8    1:40  16.7   0.0   0.6   0.5   6.3   13:40   ESE
15   1.4   7.9   23:50  -0.6    4:10  16.9   0.0   0.0   0.2   5.8   23:40    NE
16   1.4   8.9    2:10  -2.5   23:30  16.9   0.0   1.2   0.8   7.2    2:10   SSE
17  -2.4  -1.7   12:40  -3.1    8:40  20.8   0.0   0.0   0.0   1.8    4:00     S
18  -2.9  -2.0   13:50  -4.5   23:50  21.3   0.0   0.0   0.0   0.0     ---   ---
19  -4.6  -3.4   13:30  -7.5   00:00  22.9   0.0   0.0   0.0   0.0     ---   ---
20  -5.7  -1.7   11:30  -9.9    7:20  24.0   0.0   1.0   0.1   3.1   14:10   ESE
21  -1.0   4.9   14:50  -7.8    1:40  19.3   0.0   6.2   0.0   2.7   20:20    NE
22   3.4  10.2   12:30  -0.6    4:00  14.9   0.0   3.0   0.1   2.7   12:50     N
23   6.5   9.1   11:10   2.1   23:50  11.8   0.0   0.0   1.6  13.4   14:50     S
24   6.2  11.1   16:20   0.6    2:10  12.2   0.0   1.2   1.7  12.1   18:40     S
25  -0.8   3.1    0:10  -2.7   23:20  19.1   0.0   0.0   3.6  17.0    1:40     S
26  -1.2   1.1   18:50  -4.5    7:20  19.5   0.0   0.0   2.1  10.3    0:10     S
27   0.4   3.2   14:10  -3.1   00:00  17.9   0.0   0.0   0.0   8.9    0:30     S
28   1.4   6.8   15:00  -4.0    5:00  16.9   0.0   0.4   0.0   1.3   10:50     N
29   1.8   3.3    0:50   0.3   12:40  16.6   0.0   1.6   1.8  10.7    9:40     S
30   1.6   3.3   13:40   0.2   00:00  16.8   0.0   0.0   0.6   7.2    3:50     S
31   0.8   4.2   12:40  -0.7    5:50  17.6   0.0   0.0   0.0   3.1   12:20     W
-------------------------------------------------------------------------------------
     0.4  11.8     8   -11.4     1   555.8   0.0  29.2   0.6  17.0    25       S

Max >=  32.0:  0
Max <=   0.0:  4
Min <=   0.0: 27
Min <= -18.0:  0
Max Rain: 6.20 ON 12/21/18
Days of Rain: 18 (> .2 mm) 4 (> 2 mm) 0 (> 20 mm)
Heat Base:  18.3  Cool Base:  18.3  Method: Integration