NOAA-Style Climate Reports

Select a Year or Month report
2020: Jan Feb Mar Apr May Jun Jul Aug Sep Oct Nov Dec
2019: Jan Feb Mar Apr May Jun Jul Aug Sep Oct Nov Dec
2018: Jan Feb Mar Apr May Jun Jul Aug Sep Oct Nov Dec
2017: Jan Feb Mar Apr May Jun Jul Aug Sep Oct Nov Dec
2016: Jan Feb Mar Apr May Jun Jul Aug Sep Oct Nov Dec

Report for 2019 May
                   MONTHLY CLIMATOLOGICAL SUMMARY for MAY. 2019

NAME: Bazata   CITY:    STATE:  
ELEV:     0 m  LAT:  42° 51' 08" N  LONG:  25° 23' 02" E

                   TEMPERATURE (°C), RAIN  (mm), WIND SPEED (m/s)

                                      HEAT  COOL        AVG
    MEAN                              DEG   DEG         WIND                 DOM
DAY TEMP  HIGH   TIME   LOW    TIME   DAYS  DAYS  RAIN  SPEED HIGH   TIME    DIR
------------------------------------------------------------------------------------
 1  11.6  18.2   16:10   4.2    6:40   6.7   0.0   0.0   0.5   6.7   16:10     S
 2  12.6  17.8   14:40   9.1   00:00   5.8   0.0   0.0   1.3  10.7   13:30     S
 3  14.2  21.3   15:00   6.7    5:30   4.6   0.6   0.0   0.3   5.8   12:50   NNE
 4  15.3  21.7   15:10   9.0    6:20   3.7   0.7   0.0   0.9  11.2   20:10   ENE
 5  14.8  19.3   15:40  11.6    4:20   3.6   0.1   0.0   2.4  14.3   18:30   ESE
 6  12.9  20.5   12:30   8.5   23:40   5.6   0.2   5.0   0.4   9.4   15:30     E
 7   6.6   8.6    0:10   5.4   23:50  11.7   0.0   0.0   2.6  11.2   13:50     S
 8   7.4  10.3   15:50   3.4   00:00  10.9   0.0   0.0   1.3   8.9   10:30     S
 9  11.2  18.2   15:40   3.4    0:10   7.2   0.0   0.4   0.7   7.6   18:20   ESE
10  10.7  14.1   16:00   8.3   22:00   7.7   0.0   0.0   0.8  11.6   16:50     S
11  12.7  19.7   17:10   7.5    4:00   5.7   0.1   0.0   1.0   8.5   12:30     S
12  16.1  22.8   15:00   7.6    2:00   3.2   1.0   0.0   0.3   5.4   11:20     N
13  15.1  20.8   14:30  10.1    4:00   3.4   0.2   0.4   0.1  11.2   13:30     N
14  13.0  16.6   15:50  10.0    2:20   5.3   0.0   0.8   0.4   9.4   13:40   NNE
15  12.3  16.8   12:30   9.6    5:20   6.1   0.0   0.0   0.5  10.3   20:30   WSW
16  11.8  14.5   13:30   9.6    6:30   6.5   0.0   3.6   0.1   4.9    4:10    SW
17  12.6  16.2   18:10  10.6    4:20   5.7   0.0   0.0   0.0   4.0   16:00    SE
18  16.5  23.4   17:20  10.6    4:00   3.0   1.1   0.0   0.2   5.4   12:50    SW
19  19.6  25.9   12:20  11.4    6:20   1.9   3.1   0.0   0.8  11.2   23:10   ENE
20  18.2  24.6   13:30  12.7   23:00   1.7   1.6   0.6   0.7  10.3    1:10   ENE
21  13.3  21.1   13:40   8.2    5:40   5.2   0.2   2.0   0.4  14.3   17:30     N
22  14.8  22.2   14:50   7.1    4:20   4.3   0.7   0.0   0.4   8.9   23:40     S
23  14.1  19.9   13:10   9.6    5:50   4.4   0.2   6.8   0.5   7.2   11:00     S
24  13.6  17.6   16:40  10.3    4:40   4.7   0.0   1.6   0.4   7.6   10:50     S
25  14.7  20.2   15:00   9.7    3:40   3.8   0.2   0.0   0.7   7.6   12:30     S
26  17.1  24.5   16:50   9.6    5:40   2.9   1.7   0.2   0.2   6.7   11:30    NW
27  19.3  24.6   15:40  13.4    5:30   1.2   2.1   0.0   0.8   8.9   21:30   ENE
28  21.6  26.3   18:30  16.3    5:10   0.2   3.4   0.0   1.5  10.3   11:00     E
29  20.2  26.9   16:20  13.1    5:50   1.4   3.2   0.0   0.2   7.2   10:50   ESE
30  17.6  23.0   13:40  13.9   14:40   1.3   0.7  12.0   0.1  14.8   14:30    NE
31  13.8  16.2    0:10  11.6   00:00   4.5   0.0   0.4   0.3   9.4   17:00     S
-------------------------------------------------------------------------------------
    14.4  26.9    29     3.4     8   143.9  20.9  33.8   0.7  14.8    30       S

Max >=  32.0:  0
Max <=   0.0:  0
Min <=   0.0:  0
Min <= -18.0:  0
Max Rain: 11.99 ON 05/30/19
Days of Rain: 12 (> .2 mm) 5 (> 2 mm) 0 (> 20 mm)
Heat Base:  18.3  Cool Base:  18.3  Method: Integration