NOAA-Style Climate Reports

Select a Year or Month report
2020: Jan Feb Mar Apr May Jun Jul Aug Sep Oct Nov Dec
2019: Jan Feb Mar Apr May Jun Jul Aug Sep Oct Nov Dec
2018: Jan Feb Mar Apr May Jun Jul Aug Sep Oct Nov Dec
2017: Jan Feb Mar Apr May Jun Jul Aug Sep Oct Nov Dec
2016: Jan Feb Mar Apr May Jun Jul Aug Sep Oct Nov Dec

Report for 2019 August
                   MONTHLY CLIMATOLOGICAL SUMMARY for AUG. 2019

NAME: Bazata   CITY:    STATE:  
ELEV:     0 m  LAT:  42° 51' 08" N  LONG:  25° 23' 02" E

                   TEMPERATURE (°C), RAIN  (mm), WIND SPEED (m/s)

                                      HEAT  COOL        AVG
    MEAN                              DEG   DEG         WIND                 DOM
DAY TEMP  HIGH   TIME   LOW    TIME   DAYS  DAYS  RAIN  SPEED HIGH   TIME    DIR
------------------------------------------------------------------------------------
 1  21.6  28.2   15:10  16.7   00:00   0.1   3.3   0.6   0.6   8.9   14:10     S
 2  21.6  28.6   16:20  15.8    3:30   0.6   3.9   0.0   0.4   5.4    9:50   SSE
 3  20.6  28.1   13:20  16.8    3:30   0.2   2.5   0.6   0.8  13.4   15:00     S
 4  19.0  23.4   16:50  15.8    6:30   0.7   1.3   0.0   1.7   9.4    8:40     S
 5  17.6  23.8   17:20  12.2    5:50   2.2   1.4   0.0   0.2   5.4   10:00     S
 6  19.1  26.9   16:40  11.6    6:20   2.2   2.9   0.0   0.1   4.0   13:00    SW
 7  22.1  29.8   17:20  13.9    3:40   0.9   4.7   0.0   0.2   4.9   11:50     E
 8  24.6  31.9   17:40  16.5    6:30   0.2   6.4   0.0   0.1   5.8   12:10   SSW
 9  22.7  29.1   18:30  16.5    5:50   0.2   4.6   0.0   0.2   6.7   14:10   SSE
10  23.9  30.8   15:40  17.7    6:10   0.1   5.6   0.0   0.1   4.9   12:10   SSE
11  24.2  31.6   16:50  18.3   00:00   0.0   5.8   0.0   0.1   4.5   13:40   ESE
12  23.7  31.1   15:50  16.1    5:00   0.4   5.8   0.0   0.2   7.2   15:40     N
13  23.4  31.4   16:40  16.2    6:10   0.2   5.3   0.0   0.2   6.3   12:40   NNE
14  22.0  30.4   16:10  13.8    6:40   1.1   4.8   0.0   0.2   5.4   13:50     W
15  19.6  25.1   16:20  15.0    3:50   0.7   1.9   1.0   0.4   7.2    0:50     S
16  18.2  23.8   16:30  14.9    6:20   1.3   1.2   0.0   0.0   3.1   10:10    SE
17  17.1  23.3   17:10  11.7    6:20   2.4   1.1   1.8   0.3   6.7   11:00     W
18  18.3  26.4   16:50  11.6    5:00   2.4   2.4   0.0   0.1   4.9   10:10     W
19  20.2  28.3   16:50  13.0    6:20   1.7   3.6   0.0   0.1   4.5   14:00   NNW
20  20.2  27.4   17:30  13.1    6:20   1.6   3.4   0.0   0.3   8.0   12:50     N
21  21.1  29.3   16:50  13.4    6:10   1.3   4.1   0.0   0.2   5.4   16:30    SW
22  22.2  30.4   15:40  15.2    6:20   0.7   4.5   0.0   0.2   6.7   14:30    SE
23  21.6  29.3   17:40  15.2    6:20   0.7   3.9   0.0   0.2   6.7   15:10    SW
24  22.3  30.0   16:00  15.5    6:10   0.6   4.6   0.0   0.2   7.6   13:10     W
25  22.9  30.8   17:40  16.3    6:10   0.3   4.9   0.0   0.2   5.8   12:10   WNW
26  22.2  30.4   14:00  17.2    6:30   0.2   4.0   0.0   0.1   5.8   19:30     N
27  21.4  29.4   15:10  13.3    6:30   1.1   4.3   0.0   0.1  25.5   18:20    NE
28  21.3  29.3   17:00  13.8    6:40   0.9   3.9   0.0   0.1   5.4   10:50   NNE
29  20.6  29.1   17:50  13.5    6:00   1.5   3.8   0.0   0.0   4.5   15:10     N
30  20.7  28.8   15:50  13.8    6:00   1.4   3.7   0.0   0.0   1.8   10:30    SW
31  19.8  27.4   16:40  13.8    6:50   1.6   3.1   0.0   0.0   4.5   13:10     W
-------------------------------------------------------------------------------------
    21.1  31.9     8    11.6    18    29.6 116.7   4.0   0.2  25.5    27       S

Max >=  32.0:  0
Max <=   0.0:  0
Min <=   0.0:  0
Min <= -18.0:  0
Max Rain: 1.80 ON 08/17/19
Days of Rain: 4 (> .2 mm) 0 (> 2 mm) 0 (> 20 mm)
Heat Base:  18.3  Cool Base:  18.3  Method: Integration